 Calculate n(-41).
-153
Let x(t) = -5*t**2 + 461*t + 430. Determine x(93).
58
Let r(g) = 77*g**3 + 13*g**2 - 11*g - 1. Determine r(1).
78
Let j(k) = k**3 - 19*k**2 + 166*k + 64. Determine j(15).
1654
Let t(p) = 2*p**3 + 7*p**2 + 25*p + 72. Determine t(-4).
-44
Let g(h) = 34*h - 42. Give g(4).
94
Let k(z) = 4*z**3 + 21*z**2 - 2*z + 64. Calculate k(-6).
-32
Let y(g) = -g**3 - g**2 + 44*g + 12. What is y(-7)?
-2
Let f(y) = 12*y + 1522. Calculate f(-138).
-134
Let o(x) = 1324*x + 3967. Calculate o(-3).
-5
Let s(x) = -x**3 - 5*x**2 - 27. Give s(-7).
71
Let d(q) = -q**2 - 2238*q - 4. Determine d(0).
-4
Let n(j) = -308*j - 1194. Give n(-4).
38
Let a(j) = -92*j - 457. Calculate a(-8).
279
Let c(b) = b**2 - 25*b + 377. Calculate c(45).
1277
Let r(n) = 2*n**3 + 4*n**2 - 8*n - 5. Determine r(-2).
11
Let m(c) = -c**3 - 2*c**2 - 39*c - 120. What is m(-3)?
6
Let f(u) = u**3 + 24*u**2 + 31*u + 230. Give f(-23).
46
Let b(j) = 38*j - 1315. Give b(30).
-175
Let c(o) = 52*o - 124. Determine c(-2).
-228
Let l(j) = -21*j + 454. Calculate l(20).
34
Let k(t) = -3*t**2 + 8*t + 176. Determine k(-11).
-275
Let v(b) = 2*b**3 + 16*b**2 + 31*b + 39. Calculate v(-6).
-3
Let u(n) = -80*n**2 + 236*n - 4. Calculate u(3).
-16
Let u(h) = h**3 - 8*h**2 - 16*h + 19. Give u(-3).
-32
Let m(x) = -33*x - 1250. Calculate m(-28).
-326
Let x(y) = y**3 - 17*y + 36. Determine x(4).
32
Let b(i) = -i**2 - 37*i - 196. What is b(-31)?
-10
Let i(w) = -13*w**2 - w - 16. Give i(3).
-136
Let d(v) = 17*v - 947. Calculate d(56).
5
Let o(v) = -68*v - 23. Determine o(0).
-23
Let a(t) = -10*t**2 + 8*t + 43. What is a(-7)?
-503
Let l(a) = -3*a**3 + 101*a**2 - 67*a + 97. What is l(33)?
64
Let q(p) = -146*p + 470. What is q(3)?
32
Let g(m) = -12*m**2 + 8*m - 12. Calculate g(3).
-96
Let a(h) = -h**2 + 113*h - 222. Calculate a(111).
0
Let n(b) = 2*b**3 + b**2 + 5*b - 16. Calculate n(0).
-16
Let n(q) = -q**3 - 50*q**2 + 62*q + 549. Calculate n(-51).
-12
Let k(z) = 7*z**2 + z - 11. What is k(2)?
19
Let w(x) = -72*x + 928. What is w(13)?
-8
Let q(j) = 17*j**2 - 367*j + 197. What is q(21)?
-13
Let y(a) = a**3 + 2*a**2 - 22*a - 23. What is y(4)?
-15
Let z(a) = 927*a - 11123. Determine z(12).
1
Let y(w) = 356*w - 3912. What is y(11)?
4
Let p(z) = -7*z**3 + 10*z**2 + 3*z - 36. What is p(4)?
-312
Let q(x) = 44*x + 746. Determine q(-17).
-2
Let d(x) = -2*x**3 + 49*x**2 + 133*x + 32. Determine d(27).
-22
Let a(r) = -r**2 + 33*r + 91. Calculate a(36).
-17
Let l(b) = b**2 - 78*b - 149. What is l(-2)?
11
Let w(a) = 3*a**3 - 496*a**2 + a - 21. What is w(0)?
-21
Let j(g) = g**3 - 13*g**2 - 319*g + 32. What is j(-13)?
-215
Let a(f) = 81*f**2 - 649*f - 4. Calculate a(8).
-12
Let f(w) = -873*w - 16680. Calculate f(-19).
-93
Let i(l) = 25*l - 1724. Give i(69).
1
Let i(o) = 55*o + 395. What is i(-7)?
10
Let h(r) = 7*r - 78. Give h(-6).
-120
Let u(t) = -8979*t - 26935. What is u(-3)?
2
Let i(k) = -42*k + 1239. What is i(20)?
399
Let a(u) = u**2 - 322*u + 25889. Determine a(156).
-7
Let c(n) = -125*n - 755. Give c(-6).
-5
Let r(h) = -32*h**2 - 1514*h + 1513. What is r(1)?
-33
Let d(s) = 29*s - 731. Determine d(11).
-412
Let d(g) = g**2 + 40*g + 80. Calculate d(-2).
4
Let s(d) = -61*d - 81. Calculate s(-4).
163
Let n(o) = o**3 - 84*o**2 + 613*o - 371. Determine n(76).
9
Let b(l) = -3*l**2 - 815*l + 4975. Determine b(6).
-23
Let v(t) = 37*t - 1053. Determine v(29).
20
Let f(q) = q**3 - 14*q**2 - 4*q + 8. Calculate f(14).
-48
Let c(l) = 4641*l + 60307. Give c(-13).
-26
Let u(w) = 2*w**3 - 6*w**2 - 27*w - 113. Calculate u(-5).
-378
Let q(m) = 15*m**2 + 8*m + 1. Determine q(6).
589
Let i(a) = -2*a**3 + 45*a**2 - 67*a + 124. What is i(21)?
40
Let t(p) = 5*p**2 - 26. What is t(0)?
-26
Let s(n) = n**2 + 511*n - 8438. Calculate s(16).
-6
Let m(h) = -3195*h + 25551. What is m(8)?
-9
Let n(v) = -10508*v + 42029. Give n(4).
-3
Let x(c) = 56*c**2 - 3*c - 67. Calculate x(0).
-67
Let f(d) = d**3 - 22*d**2 + 111*d + 18. Calculate f(14).
4
Let n(r) = r**2 - 50*r + 314. Give n(43).
13
Let d(n) = 81*n - 5746. Calculate d(71).
5
Let j(o) = -3*o**3 + 14*o**2 - 17*o + 4. Give j(3).
-2
Let f(q) = q**3 + 6*q**2 - q + 73. Calculate f(-6).
79
Let a(n) = -n**2 - 219*n - 434. Calculate a(-2).
0
Let v(h) = -h**3 - 398*h**2 - 431*h - 13501. What is v(-397)?
-3
Let k(o) = 86*o - 1. Give k(-3).
-259
Let o(d) = d**2 + 674*d + 5303. What is o(-8)?
-25
Let j(m) = 2*m**2 + 12*m - 109. Determine j(7).
73
Let z(m) = -2*m**3 + 40*m**2 - 92*m - 10. Determine z(3).
20
Let b(l) = -64*l + 200. Determine b(4).
-56
Let c(t) = t**3 + 2*t**2 + 243. Determine c(0).
243
Let q(y) = -y**2 + 33*y + 904. What is q(-17)?
54
Let c(h) = -26*h + 203. Determine c(7).
21
Let s(p) = p**3 - 30*p**2 - 52*p - 372. Determine s(32).
12
Let r(k) = k**2 + 783*k + 3101. Calculate r(-4).
-15
Let x(i) = i**3 + 42*i**2 + 43*i + 102. What is x(-41)?
20
Let t(p) = -18*p + 900. Calculate t(50).
0
Let d(a) = 90*a**2 + 360*a + 4. Calculate d(-4).
4
Let b(g) = 5*g + 81. Calculate b(-15).
6
Let r(f) = -9*f**3 + 4*f**2 + 6*f. Calculate r(-1).
7
Let n(s) = -18*s - 13. What is n(5)?
-103
Let h(j) = 11*j + 39. Calculate h(-4).
-5
Let t(i) = i - 74. Give t(-9).
-83
Let q(j) = j**3 - 22*j**2 - 238*j - 63. What is q(30)?
-3
Let x(g) = -g**3 + 86*g**2 - 1827*g + 110. Calculate x(48).
-34
Let x(b) = b**3 + 19*b**2 + 47*b - 32. What is x(-5)?
83
Let n(h) = -h**2 - 7*h + 17. Determine n(5).
-43
Let m(j) = -9*j + 193. Determine m(27).
-50
Let c(l) = -58*l**3 - l**2 - 2*l - 1. Give c(-1).
58
Let l(s) = -905*s + 737. Determine l(1).
-168
Let u(b) = -2*b**2 - 6*b - 66. What is u(-10)?
-206
Let a(q) = q**3 + 11*q**2 + 15*q + 70. What is a(-13)?
-463
Let v(x) = 6*x**3 + 38*x**2 - 54*x - 203. Determine v(-7).
-21
Let a(x) = -x**3 - 54*x**2 + 57*x + 22. Give a(-55).
-88
Let l(b) = 17*b + 530. What is l(-33)?
-31
Let y(g) = -3*g**3 - 24*g**2 - 41*g + 59. Calculate y(-7).
199
Let m(p) = -p**2 + 15*p + 128. Calculate m(21).
2
Let a(i) = -2*i**3 + 21*i**2 + 201*i + 9. Give a(-6).
-9
Let s(f) = -596*f - 13726. Determine s(-23).
-18
Let j(d) = -16*d**3 + 223*d**2 + 3*d - 8. Determine j(14).
-162
Let p(n) = -7*n - 574. Determine p(-89).
49
Let h(l) = 140*l**2 + 4*l - 3. What is h(2)?
565
Let j(f) = -75*f**2 - 1267*f + 42. What is j(-17)?
-94
Let r(q) = -q**2 + 2*q + 41. Give r(-19).
-358
Let w(v) = -v**3 - 13*v**2 - 210*v - 2295. Calculate w(-12).
81
Let u(c) = c**3 + 27*c**2 - 743*c + 232. Give u(-44).
12
Let z(d) = -860*d - 16341. Give z(-19).
-1
Let f(z) = -2*z**2 - 21*z + 693. Give f(14).
7
Let j(r) = -3*r**3 - 574*r**2 + 500*r + 22270. Calculate j(-192).
-2
Let j(v) = 49*v**2 + 552*v + 24. Determine j(-11).
-119
Let l(f) = 64*f - 9083. Determine l(142).
5
Let z(t) = 2*t**3 + 16*t**2 + 11*t - 30. What is z(-7)?
-9
Let c(j) = 10898*j - 43589. What is c(4)?
3
Let f(a) = -99*a - 1592. Give f(-16).
-8
Let d(x) = -587*x - 14659. What is d(-25)?
16
Let r(t) = -t**2 - 45*t - 264. Determine r(-35).
86
Let j(p) = p**3 - 4*p**2 + 13*p - 56. Calculate j(5).
34
Let t(h) = 156*h - 4869. Determine t(31).
-33
Let g(h) = -h + 53. Determine g(9).
44
Let h(i) = -363*i - 38845. Determine h(-107).
-4
Let p(y) = -2*y**3 - 46*y**2 + y + 11. Give p(-23).
-12
Let b(z) = z**2 + 88*z - 4956. Give b(-127).
-3
Let d(t) = t**3 - 22*t**2 + 118*t - 13. What is d(13)?
0
Let w(s) = -3*s**2 - 43*s + 217. Give w(-18).
19
Let q(s) = 17*s + 783. What is q(-48)?
-33
Let g(u) = 9*u**2 + 75*u + 108. What is g(-2)?
-6
Let c(m) = 274*m + 6024. What is c(-22)?
-4
Let y(o) = -o**2 - 31*o + 7778. What is y(-105)?
8
Let s(n) = -4*n**3 + 68*n**2 + 2311*n - 14. Determine s(-17).
3
Let y(h) = -h**3 + 25*h**2 + 60*h - 128. What is y(27)?
34
Let a(m) = 35*m + 164. What is a(-6)?
-46
Let x(y) = 379*y + 5695. Calculate x(-15).
10
Let r(m) = -3541*m - 24802. Calculate r(-7).
-15
Let j(v) = -1408*v - 8433. Give j(-6).
15
Let z(j) = 32*j - 2885. What is z(88)?
-69
Let t(s) = -s**2 - 10*s + 17. Determine t(1).
6
Let p(f) = -316*f + 7897. Give p(25).
-3
Let n(f) = 2*f**3 + 37*f**2 - 21*f + 12. Determine n(-19).
50
Let p(w) = -3*w**2 - 64*w - 450. What is p(-11)?
-109
Let y(z) = 13*z**2 - 158*z - 3. Give y(12).
-27
Let w(i) = 1170*i - 65519. Determine w(56).
1
Let c(r) = 8*r**2 - 166*r + 49. Give c(21).
91
Let q(u) = -15*u**2 - 63*u - 67. Give q(-2).
-1
Let v(u) = -u**3 - 44*u**